). Calculate the remainder when t*(-21)/9*2 is divided by ((-5)/(-3))/((-1)/(-3)).
4
Suppose -8*l = -4*l - 36. Calculate the remainder when l is divided by 2.
1
What is the remainder when (77/22)/(-7) - 322/(-4) is divided by 14?
10
Let k = 7 - 1. Calculate the remainder when k is divided by 3/(14/(-4) - -5).
0
Suppose -3*k - k + 32 = 0. Suppose 2*n + 0*n = 82. Let p = -27 + n. Calculate the remainder when p is divided by k.
6
Let a(b) = 41*b**3. Let z be (-2)/(-7) - (-15)/21. Suppose -51 + 40 = -g. Calculate the remainder when a(z) is divided by g.
8
Let h = -121 + 128. Suppose -7*v + 2*v - 11 = -i, 13 = 2*i - v. What is the remainder when -3*(80/i)/(-2) is divided by h?
6
Let l(j) = j**2 - 4*j + 6. Calculate the remainder when 29 is divided by l(4).
5
Let n = 54 + -38. Calculate the remainder when 47 is divided by n.
15
Let v(y) = -y**3 + 7*y**2 - 4*y - 10. Calculate the remainder when 54 is divided by v(5).
14
Let l(g) = -5*g**2 - 1. Let q be l(-1). Let j = 0 - q. What is the remainder when 21 is divided by j?
3
Let s(b) = 2*b - 3. What is the remainder when 16 is divided by s(6)?
7
Let f(p) = p - 3. Let o be f(9). Suppose o = l + l. Calculate the remainder when 10 is divided by l.
1
Let m(t) = 18*t**2 - t. Let h(z) = z**2 + 4*z + 2. Let w be h(-3). Calculate the remainder when 55 is divided by m(w).
17
Let f = 9 + -9. Suppose f = d - 5*d + 152. Calculate the remainder when d is divided by 13.
12
Suppose -229 = -11*n - 9. Calculate the remainder when 72 is divided by n.
12
Let h(o) = o**3 + o**2 + 3*o - 3. Let u be h(-3). Let n = -20 - u. Let g(d) = 10*d - 12. Calculate the remainder when g(4) is divided by n.
8
Suppose 9*h + 1342 = 20*h. What is the remainder when h is divided by 25?
22
Let m be 1*(-45)/2*-2. Let g = -22 + m. What is the remainder when 90 is divided by g?
21
Suppose -2*v + 3 = v. Let q = 0 + v. Calculate the remainder when 2 is divided by q.
0
Suppose -2*c - 3*d + 34 = 0, -3*c + 15 = -d - 25. Suppose 0 = 3*q - 4*q + 27. Calculate the remainder when q is divided by c.
13
Let s(g) be the third derivative of -g**5/60 - g**4/8 + g**3/2 - 2*g**2. Let z be s(-5). Let f(x) = -4*x + 9. What is the remainder when f(z) is divided by 13?
11
Suppose -4*k = -3*m - 38 - 0, -3*k = 4*m - 16. Calculate the remainder when 15 is divided by k.
7
Let w(g) = 61*g**3 + 2*g - 1. Calculate the remainder when w(1) is divided by 18.
8
Let o = -8 - -4. What is the remainder when (o - -10) + 2 + 1 is divided by 6?
3
Suppose 4*b + 0*b = 48. Let a = b - 2. Calculate the remainder when 39 is divided by a.
9
Let y(q) = 8*q**3 - q**2 - q + 1. Let m(s) = -s + 7. Let b be m(6). Calculate the remainder when 18 is divided by y(b).
4
Suppose u + 1 = -y, 5*y - 3*u - 21 = 2*y. Let f = 8 + -4. Suppose 0*q = -2*q + f. Calculate the remainder when y is divided by q.
1
Let j = -16 - -27. Calculate the remainder when (-2)/8 + (-250)/(-8) is divided by j.
9
What is the remainder when 21/(-3)*414/(-21) is divided by 35?
33
Let n be (-3)/((-3)/8) + -4. Let j(x) = x**2 + 4*x. Let z be j(-5). Suppose -5*o + 2 + 32 = -n*r, -z*r = 5. Calculate the remainder when o is divided by 4.
2
Let t = -4 - -11. Let c = -3 + 7. Calculate the remainder when t is divided by c.
3
Let x(w) = -3*w + 4. Calculate the remainder when (-3)/(-1 - (-70)/76) is divided by x(-3).
12
Let k be ((-19)/4)/((-11)/44). Let s = 39 - k. Let z = 26 - -13. What is the remainder when z is divided by s?
19
Suppose 3*f = h + 166, -3*h = -2*f + 2*h + 89. What is the remainder when f is divided by 10?
7
Let q(l) = 2*l**3 - l**2 - 6*l - 6. What is the remainder when q(5) is divided by 24?
21
Let n(f) = 20*f**2 + f - 1. Let p = 6 + -3. Suppose -3*o = 3*u - 27, -p*u - 17 = -0*o - o. What is the remainder when n(1) is divided by o?
9
Suppose 0*u = 3*u - 6. What is the remainder when 9 is divided by u?
1
Calculate the remainder when (-44)/(-3*2/3) is divided by 7.
1
Suppose 4*s + 4 - 31 = 3*u, -4*s - 5*u - 13 = 0. Calculate the remainder when 7 is divided by s.
1
Let x(q) = q**3 + 5. Let t be -2 + (-2)/(3/(-3)). Let s be x(t). Suppose 56 = 2*o + s*r, 0 = 2*o - r - 0*r - 44. Calculate the remainder when o is divided by 8.
7
Let g(o) = 2*o**2 - 4*o - 1. Let n be g(-4). Let a = n - 34. Calculate the remainder when 1/(-2) - (-47)/2 is divided by a.
10
Suppose -22 + 62 = 2*y. Let a = -7 - -65. What is the remainder when a is divided by y?
18
Let j = -49 - -82. What is the remainder when j is divided by 6?
3
Let i(c) = 18*c**3 + 2*c**2 - c. Let j be i(1). Suppose -5*z + j = x + 3*x, 20 = 4*z + 2*x. What is the remainder when z is divided by 2?
1
Suppose 6 = -0*s + 3*s. Suppose -4*t + 3*h - s*h + 13 = 0, 5*h = -5*t + 10. Calculate the remainder when 7 is divided by t.
1
Let s(l) = 11*l**2 - 1. Let r be s(-1). Let h = r - 4. Suppose 6 = -2*w + 14. Calculate the remainder when h is divided by w.
2
Let a(j) = -5*j + 1. Let t(o) = -9*o + 1. Let l(w) = 7*a(w) - 4*t(w). Calculate the remainder when 28 is divided by l(7).
8
Suppose 2*j + 3*w - 30 = 0, -w = -j + 1 + 4. Suppose 0 = 6*t - j*t + 87. Calculate the remainder when t is divided by 10.
9
Let c(b) = b**3 - 7*b**2 + 5*b - 9. What is the remainder when c(7) is divided by 14?
12
What is the remainder when 2190/39 - 16/104 is divided by (90/24)/(1/4)?
11
Suppose -2*c + 3 = -2*d + d, 4*c = -4*d - 12. Suppose -5*z = -c*z - 40. Calculate the remainder when 23 is divided by z.
7
Suppose -7*k = -2*k. Let b(f) = f**3 - 9*f**2 + 5. Let a be b(9). Suppose 6 = -s - 4*j, 5*s + a*j = -k*s. What is the remainder when 4 is divided by s?
0
Suppose 5*q + 0*u - 70 = u, 4*q = -4*u + 80. Calculate the remainder when 73 is divided by q.
13
Suppose 0 = 5*i - 20, 0 = -3*s + 2*s + 3*i + 12. Calculate the remainder when 68 is divided by s.
20
Let y = 44 + -63. Let l = -6 - y. What is the remainder when 38 is divided by l?
12
Suppose -10 = -5*p - 0. Suppose -85 = -p*x + 1. Suppose -x = -3*t + 32. What is the remainder when t is divided by 9?
7
Suppose 14 = -2*n + 120. Let u = n + -23. Calculate the remainder when u is divided by ((-16)/(-5))/(0 + (-4)/(-20)).
14
Let p(a) = 3*a**2 - a + 3. Let s = 5 - -12. What is the remainder when s is divided by p(1)?
2
Let k(d) = -5*d - 102. Calculate the remainder when 28 is divided by k(-22).
4
Suppose -3*k + 0*k + 6 = 0, k + 90 = 4*s. Let u = s + -16. Calculate the remainder when u is divided by 3.
1
Suppose 0 = 3*s + 2*s - 135. Calculate the remainder when s is divided by 15.
12
Let w = -19 - -31. Let c = -24 + w. What is the remainder when (c/(-15))/((-6)/(-345)) is divided by 24?
22
Let b(m) = -3*m. Let x be b(-6). Let t be 166/x - 4/18. What is the remainder when 2 is divided by (-3)/(-2)*6/t?
0
Suppose -4*g + 8 = -2*r, 5*r = g + 2*g + 1. Let p be 1*2*(-7)/r. Let a = p - -23. What is the remainder when a is divided by 6?
4
What is the remainder when 34 is divided by (2 + (-3 - 1))*(-27)/6?
7
Calculate the remainder when 59 is divided by (-5 + 91/21)/((-2)/63).
17
Let b(f) = 3*f + 4 - f**2 - 1 + 3*f. Suppose 70 = 5*t + 3*z, 4*z = t + 3*t - 56. What is the remainder when t is divided by b(5)?
6
Suppose x + 163 = 3*g, g + 6*x - 65 = x. Let w = g + -33. What is the remainder when 64 is divided by w?
20
Suppose -6*s + 0*s = -336. What is the remainder when s is divided by -58*(-1)/4*2?
27
Suppose 2*m + 5*h + 13 = 171, m - 2*h = 97. Calculate the remainder when m is divided by 15.
14
Let p(y) = -y**2 - 6*y - 2. Let s be p(-5). Suppose 6 = -s*h + 93. What is the remainder when h is divided by ((-6)/4)/(15/(-100))?
9
Let r(v) = -v**3 - v**2 + 5*v + 24. Calculate the remainder when 90 is divided by r(0).
18
Let d(b) = 2*b**2 - 3*b + 4. Let h = 6 + 7. What is the remainder when d(4) is divided by h?
11
Suppose 0 = v - 5*m - 39, 2*m - 96 = -4*v + 7*m. Calculate the remainder when 54 is divided by v.
16
Suppose 4 = 2*o - 2. What is the remainder when 10 is divided by o?
1
Let q = -4 - -12. Let d = 23 + 0. Calculate the remainder when d is divided by q.
7
Let c(a) = -2*a**3 - 2*a**2 - a - 1. Let g(p) = 2*p + 25. What is the remainder when c(-3) is divided by g(-6)?
12
Suppose 4*i + 5*i - 18 = 0. Calculate the remainder when 7 is divided by i.
1
Let j = -19 + 27. What is the remainder when 21 is divided by j?
5
Let c be 6/15 + (-43)/(-5). Suppose -c = k - 1. What is th